8
Let o be (18/8)/(3/8). Let q be o/(-18) + (-8)/(-6). What is the highest common divisor of q and 11?
1
Let v(w) = -w**3 - 9*w**2 - 9*w - 4. Let l be v(-8). Suppose -5*h - l*m + 247 - 49 = 0, 4*h = 5*m + 183. Calculate the highest common factor of h and 28.
14
Let z = -35 + 25. Let x = 14 + z. Calculate the highest common divisor of x and 1.
1
Suppose -w = 14 - 18. What is the greatest common divisor of w and 1?
1
Suppose 2*r + 2*h = 6*r - 42, -3*r + 44 = -4*h. Let t = 9 - r. Calculate the greatest common divisor of t and 4.
1
Let r = 193 - 181. What is the highest common divisor of r and 276?
12
Let y(v) = -6*v**3 - v**2. Let b be y(1). Let w = b + 10. What is the highest common factor of 1 and w?
1
Let w(d) = -d**3 - 6*d**2 - 3*d - 3. Let o be w(-6). Let j be (6 - 12/3) + 0. Let a be (35 - 0)/(j/6). What is the greatest common factor of o and a?
15
Let y = -64 - -44. Let v = 22 - y. Calculate the greatest common factor of 21 and v.
21
Suppose -4*t = -6*t + 8. Let y be (-287)/(-14) + 2/t. Calculate the highest common divisor of 14 and y.
7
Let b = 45 - 26. Let g = b - 8. Let w(v) = 17*v - 3. Let c be w(6). Calculate the greatest common factor of c and g.
11
Let d = 9 + -6. Let u(o) = -o**3 - 7*o**2 - 5*o + 8. Let v be u(-6). Let r = d + v. What is the greatest common factor of r and 40?
5
Let l(a) = 2*a + 12. Let b be l(6). Let o(q) = -20*q. Let w be o(-3). What is the greatest common divisor of w and b?
12
Let y = 15 + -14. What is the greatest common factor of y and 2?
1
Let h(m) = -m**2 + 10*m - 8. Let n be h(7). Let y be 3/(-6) - 54/(-4). Calculate the greatest common divisor of y and n.
13
Let g(u) = -u**3 + 8*u**2 - 4*u - 8. Let b be g(6). What is the highest common divisor of b and 5?
5
Let j be 9/36 + 167/4. What is the greatest common factor of 378 and j?
42
Let r(m) = -7*m + 7. Let q be r(-9). Suppose 28 = 2*z + 2*z. Calculate the highest common divisor of q and z.
7
Let f be (7 - -4)*(-1 + 9). Let v = 21 - -19. Let r = v - 29. Calculate the greatest common factor of r and f.
11
Let q = -100 - -163. Suppose 5*o - 4*l - q = 0, 0 = -4*l + 13 - 1. Calculate the highest common divisor of 3 and o.
3
Suppose 5*z - 4*t = 12, 4*z - 2*t - 2 = 4. Suppose z = -5*w + 2*w + 648. What is the greatest common divisor of 24 and w?
24
Let l be (-2245)/(-4) - (-2)/(-8). Let k be l/12 - (-2)/8. Suppose -k = -5*t + 23. What is the greatest common divisor of 2 and t?
2
Let b(t) = t**3 + 3*t**2 - t. Let m be b(-2). Calculate the highest common divisor of 24 and m.
6
Let i = -1 + 6. Let t(v) = v**2 + 2*v + 1. Let o be t(i). Suppose 8*s - 4*s - 16 = 0. Calculate the greatest common factor of s and o.
4
Let q(l) be the first derivative of -l**2 - 6*l - 2. Suppose -s + 1 = 6. Let g be q(s). Calculate the greatest common factor of 20 and g.
4
Suppose 4*s - y + 72 = 0, 4*y - 18 = s - 0*s. Let g be (s/12)/(1/(-88)). What is the greatest common factor of g and 12?
12
Let d = 5 - 4. Suppose 0 = 3*z + 5*u - 7, -8*z + 4*z = 4*u - 20. Calculate the greatest common divisor of d and z.
1
Let p be 33 - -4 - (5 - 3). Suppose 3*s = -0*b - b + 4, p = 5*s - 4*b. What is the highest common factor of s and 9?
3
Let g = 3 - -2. Suppose 8 = -3*u - 5*p, g*u + p - 40 = 6*p. Suppose u*c = 4*r + 20, 3*r - 44 = -c - 19. What is the greatest common divisor of 4 and c?
2
Let a(j) = -12*j - 1. Suppose m = 2*m - 2. Suppose n = m*d - 5, 3*n + n = 3*d - 10. Let k be a(n). Calculate the greatest common factor of 99 and k.
11
Let o be (4/5)/((-1)/(-15)). What is the greatest common divisor of o and 96?
12
Let g(a) = a**3 - 3*a**2 + 7*a + 2. Let u be g(-4). Let z = u - -196. Calculate the highest common factor of 29 and z.
29
Let m be 12/36 + (-59)/(-3). Calculate the highest common factor of 10 and m.
10
Let b(l) = -l - 1. Let o be b(-8). Let h(r) = 8*r - 4. Let i be h(o). Let k(a) = -2*a + 1. Let w be k(-6). What is the highest common divisor of w and i?
13
Suppose 0 = -5*w + 2*w + 21. Suppose 21 = 8*x - w*x. What is the greatest common factor of 168 and x?
21
Let c = 12 + -17. Let l be (c + 4)/((-2)/6). Calculate the greatest common divisor of 12 and l.
3
Let j = -19 + 9. Let n(s) = -3*s + 12. Let d be n(j). What is the greatest common divisor of d and 28?
14
Let x = 15 - 5. Let h(i) = -i**3 - 6*i**2 - 6*i - 3. Let d be h(-5). Calculate the greatest common divisor of d and x.
2
Let t = 24 + 0. Let r be (9*1)/(8/t). What is the highest common divisor of 3 and r?
3
Let l(g) = 6*g**2 - 15*g - 11. Let h be l(5). What is the highest common divisor of h and 48?
16
Let l = 12 + -1. Suppose -2 = 10*s - l*s. What is the greatest common divisor of s and 2?
2
Let f be -5*5/(100/(-264)). Calculate the greatest common divisor of 33 and f.
33
Let i be (-836)/(-10) + 6/15. What is the highest common factor of i and 12?
12
Suppose 2*m + 32 = -2*m. Let i be m/(-20) - (-86)/10. Calculate the highest common divisor of 3 and i.
3
Let i(o) = o**3 + 4*o**2 - 5*o + 5. Let p be i(-5). What is the highest common divisor of p and 5?
5
Let n(v) = 2*v + 0 - 4 - 6. Let q be n(6). What is the greatest common factor of 4 and q?
2
Let n = 27 + -5. Calculate the highest common factor of n and 242.
22
Suppose 153 = 5*b + 2*n + 19, -3*n - 9 = 0. Let h = 94 + -90. What is the highest common divisor of h and b?
4
Let t(z) = -2*z + 11. Let d be t(-7). What is the greatest common divisor of d and 5?
5
Suppose -5*p = 3*g - 13, -3*p + 4*g = -p. Suppose p*f + 10 + 8 = j, -5*f = -2*j + 41. What is the greatest common factor of 8 and j?
8
Suppose 0 = -5*p - 5*a + 10, 2*p + 0*p - 3*a - 19 = 0. Calculate the greatest common factor of p and 2.
1
Let l be (30/(-20))/(1/(-2)). Suppose 5*d + u - 60 = 0, l*d = -0*u - 2*u + 43. Let c = -5 + 60. Calculate the greatest common divisor of d and c.
11
Suppose 5*g - 3*b - 175 = 0, 4*b - b = 3*g - 99. Calculate the highest common divisor of g and 19.
19
Suppose m = 2*t + 14, 0*t = -3*m - t + 28. Suppose 3*k - 9 + 31 = j, -3*j + 3*k + 42 = 0. What is the greatest common divisor of m and j?
10
Suppose -2*w - 3*p = 45, 2*w + 2*p = -3*w - 85. Let y = -11 + -13. Let q = w - y. What is the greatest common divisor of q and 3?
3
Let q(p) be the third derivative of -p**6/120 + p**5/20 + p**4/24 - p**3/6 - 3*p**2. Let d be q(-2). What is the highest common factor of d and 119?
17
Let d(y) = -y**2 + 19*y - 16. Let f be d(11). Calculate the highest common divisor of f and 9.
9
Let u = -148 + 228. What is the greatest common divisor of 20 and u?
20
Suppose -2*a = -3*x - 26, 7*a - 2*a - 13 = x. Suppose f - 7*f + 114 = 0. Let g = x + f. What is the greatest common divisor of g and 22?
11
Let f = -31 - -22. Let z be (f/12)/(1/(-168)). What is the highest common divisor of 14 and z?
14
Suppose 4*c - 44 - 62 = 2*i, 28 = c + i. What is the highest common factor of 3 and c?
3
Let x(n) = 2*n**3 - 4*n**2 + 4*n - 6. Let u be x(3). What is the greatest common divisor of u and 192?
24
Let a(l) = l**3 + l + 4. Let m be a(0). Let x(i) = -52*i. Let k be x(-2). Let c = k + -60. Calculate the greatest common divisor of c and m.
4
Let f(n) = -n**3 + 6*n**2 + 2*n - 7. Let x be f(6). Calculate the greatest common divisor of x and 20.
5
Let t be (85 - 0) + -2 + 1. Calculate the greatest common factor of t and 21.
21
Let a be ((-27)/15)/(1/(-5)). Let f = a + 2. What is the highest common divisor of 11 and f?
11
Let g(x) = -x + 2. Let y be g(0). Let u(m) = 3 + 5 + y*m - 4. Let t be u(8). Calculate the highest common divisor of 180 and t.
20
Suppose 12*a = 10*a + 32. Suppose -5*q - 30 = -110. Calculate the greatest common factor of a and q.
16
Suppose 0 = 2*a + 3*a + 3*g - 96, -g - 16 = -a. Suppose -2*o = 8, 2*o = u - 0*o - 20. Calculate the highest common factor of u and a.
6
Let w(o) = -o**2 + 7*o - 1. Let j be -5*1*(-6)/5. Let k be w(j). Suppose -k*x + 5 = 0, 0 = 2*g + x + 4*x - 69. Calculate the greatest common divisor of 8 and g.
8
Let m = 12 - -150. Calculate the highest common factor of 18 and m.
18
Let b be 2/3*3 - 3. Let d be 650/4 - b/(-2). What is the highest common factor of d and 18?
18
Suppose 0 = c - 45 - 230. Let h be c/7 - (-4)/(-14). What is the greatest common factor of h and 26?
13
Suppose 2*a + 27 = 5*a. What is the greatest common factor of a and 27?
9
Let k be (-6)/2*(-18)/1. Let y(j) = j + 6. Let d be y